 is divided by m?
16
Suppose -199 = -6*c - 55. What is the remainder when 119 is divided by c?
23
Suppose 3*u - 9 = 3. Suppose a - 3*x - 12 = 0, -4*x = 3*a - 32 - 17. What is the remainder when a is divided by u?
3
Suppose 0*z = -z + 1. Let a(r) = 13*r. Calculate the remainder when 25 is divided by a(z).
12
Let r = 10 - 5. Let m = r + 3. Let k = -85 - -107. Calculate the remainder when k is divided by m.
6
Let j(z) = -z**3 + 9*z**2 - 3*z + 12. Calculate the remainder when j(8) is divided by 11.
8
Calculate the remainder when 28 is divided by 6/48 + (-63)/(-8).
4
Let j = -3 + 7. Let s = j - 0. Suppose -35 = 3*l - s*l. What is the remainder when l is divided by 12?
11
Let a(g) = -11*g - 4. Calculate the remainder when 27 is divided by a(-1).
6
Let c = -7 - -66. Suppose 5*i - c = 26. Let a = -12 + i. Calculate the remainder when 8 is divided by a.
3
Let r(i) = -i**3 + 10*i**2 + 4*i - 15. Let a(m) = -m**3 + 7*m**2 - 5*m + 3. What is the remainder when r(10) is divided by a(6)?
7
Let q be (4/(-10))/((-6)/420). Calculate the remainder when 19 is divided by (-8)/q - 102/(-14).
5
What is the remainder when 2/(-5) - (-2696)/40 is divided by 17?
16
Suppose -3 = t, 4*w - 3*t = 2*t + 23. Let p(n) = n**3 - 16*n**2 - 19*n + 9. Let q be p(17). What is the remainder when w/(-5) + (-1160)/q is divided by 16?
14
Let y = 6 - 4. Suppose -4*v - y*z + 66 = -5*z, -5*v - 2*z = -94. What is the remainder when 35 is divided by v?
17
Let f = 13 + -9. Suppose 4*r - 16 = d, r + 3 = 2*d + 7. Suppose d*p - f*p + 16 = 0. What is the remainder when 7 is divided by p?
3
Suppose 0 = 3*p + 39 - 120. Suppose 0 = 2*h - 81 + p. Calculate the remainder when h is divided by 14.
13
Suppose 52 = -3*p + 4*p. Let o = 95 - p. Let f(h) = h**2 + 10*h + 4. What is the remainder when o is divided by f(-11)?
13
Let c = 4 + -7. Let f = -7 - c. What is the remainder when 23 is divided by (f/(-8))/(1/24)?
11
Let b(x) = x**2 + 15*x + 38. Calculate the remainder when b(-21) is divided by 11.
10
Let o(x) = x + 1. Let q be o(2). Suppose -4*y + 40 = -4*p, 0*y + 5*y = -q*p + 26. Let m(s) = 3*s - 10. What is the remainder when m(y) is divided by 4?
3
Let k = 180 - 152. Let x = 6 - -48. Calculate the remainder when x is divided by k.
26
Let c be 6*((-9)/(-6) + -1). Suppose -3*k = 15, 0*k - 2*k = c*z + 67. Let n = -13 - z. Calculate the remainder when 17 is divided by n.
5
Let h(v) = -v**3 - 9*v**2 - 6*v - 12. Let j be h(-9). Let q = j - 20. What is the remainder when 42 is divided by q?
20
Calculate the remainder when 49*1 - 24/(-6) is divided by 14.
11
Let m = -6 - -18. What is the remainder when 34 is divided by m?
10
Let s = 45 - 31. Suppose 5*a + 46 = q - 15, 3*q = 5*a + 143. What is the remainder when q is divided by s?
13
Let p(s) = -11*s - 2. Suppose 5*d - 10 = -0*d. Let z be p(d). What is the remainder when z/18*(-87)/2 is divided by 20?
18
Let n be 95/4 - (-7)/28. Let b = n + 16. Let v = 7 + 7. What is the remainder when b is divided by v?
12
Let v be 1 - -3 - (0 - -1). Let t = v + 2. What is the remainder when 14 is divided by t?
4
Suppose -5*b + 189 + 151 = 0. Suppose 0 = o + 3*o - b. Let w = 33 - o. Calculate the remainder when 47 is divided by w.
15
Let c(q) = 4*q - 74. What is the remainder when 45 is divided by c(23)?
9
Let t(z) = -z**2 + z + 16. Let m be t(0). Let y = 25 - m. Calculate the remainder when 177/7 + (-2)/7 is divided by y.
7
Let u = 5 - -34. What is the remainder when u is divided by (28/6)/(5/15)?
11
Suppose 228 = -0*g + 2*g + 4*z, 5*z = 4*g - 469. Suppose -4 = -d, -3*i + 0*i - 2*d + g = 0. Calculate the remainder when i is divided by 13.
10
Suppose 9 = 3*s, -3*q = -7*q + 4*s - 40. Let u = q - -14. Calculate the remainder when u is divided by 3.
1
Let m(y) = 4*y**2 + 3*y - 12. What is the remainder when m(-5) is divided by 19?
16
Suppose 0 = -4*b - 4*i + 4, b + 5*i = 5*b - 31. Calculate the remainder when 15 is divided by b.
3
Suppose -5*j + 94 = 3*b, j + 0*j = 4*b - 87. Suppose -f + v + v + 14 = 0, 4*f - 2*v = 38. Calculate the remainder when b is divided by f.
7
Let v = 15 - 11. Let m = -6 + 13. What is the remainder when m is divided by v?
3
Let k = -54 + 117. Calculate the remainder when k is divided by 16.
15
Suppose -4*w + 3*v + v = 0, 0 = 4*w + 3*v - 28. Suppose 0 = 2*n - 27 - 1. What is the remainder when n is divided by w?
2
Let o = -7 + 18. Suppose -4*i + 7 + 1 = v, o = -5*i + 4*v. What is the remainder when (-58)/(-2 - (-1 + i)) is divided by 10?
9
Let x = 85 - 54. Suppose i - v = 89, -3*v - 2*v + 365 = 4*i. Calculate the remainder when i is divided by x.
28
Let m = -3 + 6. Suppose 3*r - m + 0 = 0. Calculate the remainder when (-1 - -23) + r/(-1) is divided by 11.
10
Let t(o) = 26*o**3 - o**2 + 2*o - 1. Let h be 6/(-4)*(-10)/15. Let d(q) = 3*q - 9. What is the remainder when t(h) is divided by d(6)?
8
Let a(f) = 3*f**2 - 3 + 1 + 0. What is the remainder when a(3) is divided by 14?
11
Let j(h) = h**3 - 5*h**2 + 1. Let u(w) = -w**3 - 7*w**2 + w + 8. What is the remainder when u(-7) is divided by j(5)?
0
Let z(l) = 14*l - 4. Let s be z(4). Let a = -29 + s. Calculate the remainder when a is divided by 8.
7
Suppose -3*b = b + 236. Suppose -5*m - 125 = 50. Let c = m - b. Calculate the remainder when c is divided by 13.
11
Suppose -2*n + 232 = 6*n. What is the remainder when 55 is divided by n?
26
Let u = -26 - -52. Suppose 9 = -3*s, o + 2*s - 1 - 1 = 0. What is the remainder when u is divided by -2 - 2*-1*o?
12
Let t(a) = -a**2 + 5*a + 3. What is the remainder when 3/9 - 100/(-6) is divided by t(4)?
3
Suppose 2*t - 7 = -b, 5*t + 10 = -3*b + 29. What is the remainder when 48/14 + 15/(-35) is divided by t?
1
Let f = -8 - -31. Suppose 3*j = j + 10. Suppose 0 = -5*v + 5*z + 355, 4*v - j*z - 32 = 256. What is the remainder when v is divided by f?
21
Let h = -3 + 35. What is the remainder when h is divided by 2/3 + (-98)/(-6)?
15
Let y(k) = -2*k + 12. Let s be y(5). Suppose 40 = u - s. What is the remainder when u is divided by 22?
20
Calculate the remainder when 124/(-2)*3/(-6) is divided by 8.
7
Let i = -232 - -261. Let x = 1 + 54. What is the remainder when x is divided by i?
26
Let o(m) = m**3 - 2*m**2 - 4. Suppose 13 = 3*p - 5*x, 2*p = -0*p - 2*x + 14. What is the remainder when o(4) is divided by p?
4
Let x(q) = 5*q - 1. Let p(r) = -r**3 - 6*r**2 - 8*r - 4. Calculate the remainder when x(4) is divided by p(-5).
8
Suppose 0*j - 6 = -2*j. Suppose j*f - 22 = 5. Suppose 32 = 2*d - 0*d. Calculate the remainder when d is divided by f.
7
Suppose 3*f + 18 = 3*s, 5*f - 7 = -4*s - 19. Suppose -c = o + c - 12, 3*o = 4*c - 4. What is the remainder when o is divided by s?
0
Suppose 13*d + 188 = 17*d. Calculate the remainder when 234 is divided by d.
46
Suppose -25 = -3*a + 5. Calculate the remainder when 19 is divided by a.
9
Suppose -57 = -4*l - 3*s + 4, l - 14 = -2*s. Suppose -2*a + 0*h - 5*h = -l, 2*a + h = 24. What is the remainder when 23 is divided by a?
10
Let n = 133 - 76. What is the remainder when n is divided by 15?
12
Let a(s) = s**2 + 6*s + 5. Let f be a(-6). Suppose y - 22 - f = 0. Calculate the remainder when y is divided by 14.
13
Calculate the remainder when -3 + 1 + (1 - -29) is divided by (-2)/(((-8)/(-30))/(-2)).
13
Let i = 93 - 86. Calculate the remainder when 23 is divided by i.
2
Let g(d) = -2*d - 3. What is the remainder when 24 is divided by g(-6)?
6
Suppose 2*f - 17 = -4*j + 19, 2*f + 5*j = 38. Let c = -36 + 54. What is the remainder when (f/(-2))/((-6)/c) is divided by 11?
10
Let f = -223 + 323. Suppose -g + 37 = -4*z, 0*z + f = 4*g - 4*z. Calculate the remainder when 41 is divided by g.
20
Suppose -5*l + f = -18, 0*f - 3 = f. Suppose -108 = -l*n - 12. What is the remainder when n is divided by 11?
10
What is the remainder when -2 - (-3 - 37)/5 is divided by 4?
2
Let n = -5 - -6. Let r = 3 + -2. What is the remainder when n is divided by r?
0
Let w = 27 + -11. Calculate the remainder when w is divided by 6.
4
Let j = -12 + 8. Let d be 4/(2 + j*1). Let m = d + 7. What is the remainder when 14 is divided by m?
4
Calculate the remainder when (216/48)/(1 - 82/84) is divided by 16.
13
Let x = 3 + -2. Suppose 3*w - 4*w - 2 = 0, 0 = -4*h - 2*w + 4. Calculate the remainder when h is divided by 1 + (x - (1 + -1)).
0
Let l(g) = -44*g - 7. Let f be l(-3). Suppos